Last updated on 2022-05-19 04:50:58 CEST.
Flavor | Version | Tinstall | Tcheck | Ttotal | Status | Flags |
---|---|---|---|---|---|---|
r-devel-linux-x86_64-debian-clang | 1.3.3 | 11.17 | 248.88 | 260.05 | OK | |
r-devel-linux-x86_64-debian-gcc | 1.3.3 | 7.12 | 183.38 | 190.50 | OK | |
r-devel-linux-x86_64-fedora-clang | 1.3.3 | 312.03 | NOTE | |||
r-devel-linux-x86_64-fedora-gcc | 1.3.3 | 298.42 | OK | |||
r-devel-windows-x86_64 | 1.3.3 | 66.00 | 340.00 | 406.00 | OK | |
r-patched-linux-x86_64 | 1.3.3 | 11.25 | 230.94 | 242.19 | OK | |
r-release-linux-x86_64 | 1.3.3 | 7.72 | 235.23 | 242.95 | OK | |
r-release-macos-arm64 | 1.3.3 | 98.00 | OK | |||
r-release-macos-x86_64 | 1.3.3 | 164.00 | OK | |||
r-release-windows-x86_64 | 1.3.3 | 64.00 | 343.00 | 407.00 | OK | |
r-oldrel-macos-arm64 | 1.3.3 | 156.00 | OK | |||
r-oldrel-macos-x86_64 | 1.3.3 | 131.00 | OK | |||
r-oldrel-windows-ix86+x86_64 | 1.3.3 | 22.00 | 320.00 | 342.00 | OK |
Version: 1.3.3
Check: Rd cross-references
Result: NOTE
Undeclared package ‘gtable’ in Rd xrefs
Flavor: r-devel-linux-x86_64-fedora-clang