CRAN Package Check Results for Package assertive.models

Last updated on 2022-10-03 15:53:52 CEST.

Flavor Version Tinstall Tcheck Ttotal Status Flags
r-devel-linux-x86_64-debian-clang 0.0-2 2.15 25.42 27.57 NOTE
r-devel-linux-x86_64-debian-gcc 0.0-2 1.64 20.14 21.78 NOTE
r-devel-linux-x86_64-fedora-clang 0.0-2 45.83 NOTE
r-devel-linux-x86_64-fedora-gcc 0.0-2 45.16 NOTE
r-devel-windows-x86_64 0.0-2 24.00 50.00 74.00 NOTE
r-patched-linux-x86_64 0.0-2 1.79 24.66 26.45 NOTE
r-release-linux-x86_64 0.0-2 1.70 24.69 26.39 NOTE
r-release-macos-arm64 0.0-2 15.00 NOTE
r-release-macos-x86_64 0.0-2 21.00 NOTE
r-release-windows-x86_64 0.0-2 10.00 50.00 60.00 NOTE
r-oldrel-macos-arm64 0.0-2 20.00 NOTE
r-oldrel-macos-x86_64 0.0-2 31.00 NOTE
r-oldrel-windows-ix86+x86_64 0.0-2 5.00 49.00 54.00 NOTE

Check Details

Version: 0.0-2
Check: LazyData
Result: NOTE
     'LazyData' is specified without a 'data' directory
Flavors: r-devel-linux-x86_64-debian-clang, r-devel-linux-x86_64-debian-gcc, r-devel-linux-x86_64-fedora-clang, r-devel-linux-x86_64-fedora-gcc, r-devel-windows-x86_64, r-patched-linux-x86_64, r-release-linux-x86_64, r-release-macos-arm64, r-release-macos-x86_64, r-release-windows-x86_64, r-oldrel-macos-arm64, r-oldrel-macos-x86_64, r-oldrel-windows-ix86+x86_64