CRAN Package Check Results for Package arulesSequences

Last updated on 2022-01-22 15:52:05 CET.

Flavor Version Tinstall Tcheck Ttotal Status Flags
r-devel-linux-x86_64-debian-clang 0.2-25 29.81 149.55 179.36 OK
r-devel-linux-x86_64-debian-gcc 0.2-25 24.93 112.98 137.91 OK
r-devel-linux-x86_64-fedora-clang 0.2-25 244.18 OK
r-devel-linux-x86_64-fedora-gcc 0.2-25 217.78 OK
r-devel-windows-x86_64-new-UL 0.2-25 305.00 186.00 491.00 NOTE
r-devel-windows-x86_64-new-TK 0.2-25 OK
r-patched-linux-x86_64 0.2-25 34.45 144.82 179.27 OK
r-release-linux-x86_64 0.2-25 29.29 144.99 174.28 OK
r-release-macos-arm64 0.2-25 OK
r-release-macos-x86_64 0.2-25 OK
r-release-windows-ix86+x86_64 0.2-25 89.00 266.00 355.00 NOTE
r-oldrel-macos-x86_64 0.2-25 OK
r-oldrel-windows-ix86+x86_64 0.2-25 90.00 270.00 360.00 NOTE

Additional issues

M1mac

Check Details

Version: 0.2-25
Check: installed package size
Result: NOTE
     installed size is 14.8Mb
     sub-directories of 1Mb or more:
     bin 11.7Mb
     misc 2.1Mb
Flavors: r-devel-windows-x86_64-new-UL, r-release-windows-ix86+x86_64, r-oldrel-windows-ix86+x86_64