CRAN Package Check Results for Package arules

Last updated on 2022-01-19 15:51:57 CET.

Flavor Version Tinstall Tcheck Ttotal Status Flags
r-devel-linux-x86_64-debian-clang 1.7-3 OK
r-devel-linux-x86_64-debian-gcc 1.7-3 20.99 135.63 156.62 OK
r-devel-linux-x86_64-fedora-clang 1.7-3 246.70 NOTE
r-devel-linux-x86_64-fedora-gcc 1.7-3 237.80 OK
r-devel-windows-x86_64-new-UL 1.7-3 198.00 229.00 427.00 OK
r-devel-windows-x86_64-new-TK 1.7-3 OK
r-patched-linux-x86_64 1.7-3 24.60 168.65 193.25 OK
r-release-linux-x86_64 1.7-3 OK
r-release-macos-arm64 1.7-3 OK
r-release-macos-x86_64 1.7-3 OK
r-release-windows-ix86+x86_64 1.7-3 62.00 286.00 348.00 OK
r-oldrel-macos-x86_64 1.7-2 OK
r-oldrel-windows-ix86+x86_64 1.7-3 61.00 289.00 350.00 OK

Check Details

Version: 1.7-3
Check: Rd cross-references
Result: NOTE
    Undeclared package ‘proxy’ in Rd xrefs
Flavor: r-devel-linux-x86_64-fedora-clang