Last updated on 2022-06-30 03:53:16 CEST.
Flavor | Version | Tinstall | Tcheck | Ttotal | Status | Flags |
---|---|---|---|---|---|---|
r-devel-linux-x86_64-debian-clang | 1.6.1 | 13.52 | 90.18 | 103.70 | NOTE | |
r-devel-linux-x86_64-debian-gcc | 1.6.1 | 9.86 | 67.53 | 77.39 | NOTE | |
r-devel-linux-x86_64-fedora-clang | 1.6.1 | 143.68 | NOTE | |||
r-devel-linux-x86_64-fedora-gcc | 1.6.1 | 143.69 | NOTE | |||
r-devel-windows-x86_64 | 1.6.1 | 153.00 | 123.00 | 276.00 | NOTE | |
r-patched-linux-x86_64 | 1.6.1 | 15.11 | 85.74 | 100.85 | OK | |
r-release-linux-x86_64 | 1.6.1 | 13.46 | 85.81 | 99.27 | OK | |
r-release-macos-arm64 | 1.6.1 | 39.00 | OK | |||
r-release-macos-x86_64 | 1.6.1 | 63.00 | OK | |||
r-release-windows-x86_64 | 1.6.1 | 184.00 | 114.00 | 298.00 | OK | |
r-oldrel-macos-arm64 | 1.6.1 | 48.00 | NOTE | |||
r-oldrel-macos-x86_64 | 1.6.1 | 54.00 | NOTE | |||
r-oldrel-windows-ix86+x86_64 | 1.6.1 | 27.00 | 110.00 | 137.00 | OK |
Version: 1.6.1
Check: Rd files
Result: NOTE
checkRd: (-1) MultiSourceCopyNumberNormalization.Rd:101: Escaped LaTeX specials: \&
Flavors: r-devel-linux-x86_64-debian-clang, r-devel-linux-x86_64-debian-gcc, r-devel-linux-x86_64-fedora-clang, r-devel-linux-x86_64-fedora-gcc, r-devel-windows-x86_64
Version: 1.6.1
Check: package dependencies
Result: NOTE
Package suggested but not available for checking: ‘GLAD’
Flavors: r-oldrel-macos-arm64, r-oldrel-macos-x86_64