Last updated on 2022-05-26 15:53:04 CEST.
Flavor | Version | Tinstall | Tcheck | Ttotal | Status | Flags |
---|---|---|---|---|---|---|
r-devel-linux-x86_64-debian-clang | 0.1.0 | 18.72 | 216.90 | 235.62 | OK | |
r-devel-linux-x86_64-debian-gcc | 0.1.0 | 16.68 | 178.71 | 195.39 | OK | |
r-devel-linux-x86_64-fedora-clang | 0.1.0 | 292.25 | NOTE | |||
r-devel-linux-x86_64-fedora-gcc | 0.1.0 | 276.83 | NOTE | |||
r-devel-windows-x86_64 | 0.1.0 | 23.00 | 209.00 | 232.00 | OK | |
r-patched-linux-x86_64 | 0.1.0 | 21.11 | 210.01 | 231.12 | OK | |
r-release-linux-x86_64 | 0.1.0 | OK | ||||
r-release-macos-arm64 | 0.1.0 | 72.00 | NOTE | |||
r-release-macos-x86_64 | 0.1.0 | 104.00 | NOTE | |||
r-release-windows-x86_64 | 0.1.0 | 25.00 | 217.00 | 242.00 | OK | |
r-oldrel-macos-arm64 | 0.1.0 | 107.00 | NOTE | |||
r-oldrel-macos-x86_64 | 0.1.0 | 258.00 | NOTE | |||
r-oldrel-windows-ix86+x86_64 | 0.1.0 | 47.00 | 222.00 | 269.00 | OK |
Version: 0.1.0
Check: dependencies in R code
Result: NOTE
Namespace in Imports field not imported from: ‘mvtnorm’
All declared Imports should be used.
Flavors: r-devel-linux-x86_64-fedora-clang, r-devel-linux-x86_64-fedora-gcc, r-release-macos-arm64, r-release-macos-x86_64, r-oldrel-macos-arm64, r-oldrel-macos-x86_64