CRAN Package Check Results for Package ape

Last updated on 2022-01-24 03:51:23 CET.

Flavor Version Tinstall Tcheck Ttotal Status Flags
r-devel-linux-x86_64-debian-clang 5.6-1 62.94 266.25 329.19 OK
r-devel-linux-x86_64-debian-gcc 5.6-1 48.52 198.06 246.58 OK
r-devel-linux-x86_64-fedora-clang 5.6-1 425.72 OK
r-devel-linux-x86_64-fedora-gcc 5.6-1 401.71 OK
r-devel-windows-x86_64-new-UL 5.6-1 247.00 382.00 629.00 OK
r-devel-windows-x86_64-new-TK 5.6-1 OK
r-patched-linux-x86_64 5.6-1 59.91 260.16 320.07 OK
r-release-linux-x86_64 5.6-1 54.24 257.54 311.78 OK
r-release-macos-arm64 5.6-1 NOTE
r-release-macos-x86_64 5.6-1 WARN --as-cran
r-release-windows-ix86+x86_64 5.6-1 146.00 378.00 524.00 NOTE
r-oldrel-macos-x86_64 5.6 OK
r-oldrel-windows-ix86+x86_64 5.6-1 146.00 373.00 519.00 NOTE

Check Details

Version: 5.6-1
Check: installed package size
Result: NOTE
     installed size is 5.2Mb
     sub-directories of 1Mb or more:
     R 1.1Mb
     doc 1.3Mb
     libs 1.9Mb
Flavors: r-release-macos-arm64, r-release-windows-ix86+x86_64, r-oldrel-windows-ix86+x86_64

Version: 5.6-1
Flags: --as-cran
Check: CRAN incoming feasibility
Result: WARN
    Maintainer: ‘Emmanuel Paradis <Emmanuel.Paradis@ird.fr>’
    
    Insufficient package version (submitted: 5.6.1, existing: 5.6.1)
    
    Days since last update: 1
Flavor: r-release-macos-x86_64

Version: 5.6-1
Flags: --as-cran
Check: top-level files
Result: NOTE
    Files ‘README.md’ or ‘NEWS.md’ cannot be checked without ‘pandoc’ being installed.
Flavor: r-release-macos-x86_64

Version: 5.6-1
Flags: --as-cran
Check: sizes of PDF files under ‘inst/doc’
Result: NOTE
    Unable to find GhostScript executable to run checks on size reduction
Flavor: r-release-macos-x86_64