Last updated on 2022-05-16 15:53:06 CEST.
Flavor | Version | Tinstall | Tcheck | Ttotal | Status | Flags |
---|---|---|---|---|---|---|
r-devel-linux-x86_64-debian-clang | 1.3.2 | 7.51 | 58.53 | 66.04 | OK | |
r-devel-linux-x86_64-debian-gcc | 1.3.2 | 5.24 | 44.09 | 49.33 | OK | |
r-devel-linux-x86_64-fedora-clang | 1.3.2 | 79.31 | NOTE | |||
r-devel-linux-x86_64-fedora-gcc | 1.3.2 | 73.96 | OK | |||
r-devel-windows-x86_64 | 1.3.2 | 33.00 | 79.00 | 112.00 | OK | |
r-patched-linux-x86_64 | 1.3.2 | 6.22 | 54.27 | 60.49 | OK | |
r-release-linux-x86_64 | 1.3.2 | 6.14 | 54.91 | 61.05 | OK | |
r-release-macos-arm64 | 1.3.2 | 22.00 | OK | |||
r-release-macos-x86_64 | 1.3.2 | 37.00 | OK | |||
r-release-windows-x86_64 | 1.3.2 | 48.00 | 77.00 | 125.00 | OK | |
r-oldrel-macos-arm64 | 1.3.2 | 21.00 | OK | |||
r-oldrel-macos-x86_64 | 1.3.2 | 36.00 | OK | |||
r-oldrel-windows-ix86+x86_64 | 1.3.2 | 16.00 | 73.00 | 89.00 | OK |
Version: 1.3.2
Check: Rd cross-references
Result: NOTE
Undeclared packages ‘geepack’, ‘dispmod’ in Rd xrefs
Flavor: r-devel-linux-x86_64-fedora-clang