CRAN Package Check Results for Package anndata

Last updated on 2024-03-04 16:01:52 CET.

Flavor Version Tinstall Tcheck Ttotal Status Flags
r-devel-linux-x86_64-debian-clang 0.7.5.6 12.03 101.08 113.11 NOTE
r-devel-linux-x86_64-debian-gcc 0.7.5.6 8.59 77.35 85.94 NOTE
r-devel-linux-x86_64-fedora-clang 0.7.5.6 135.93 NOTE
r-devel-linux-x86_64-fedora-gcc 0.7.5.6 154.76 NOTE
r-devel-windows-x86_64 0.7.5.6 9.00 159.00 168.00 NOTE
r-patched-linux-x86_64 0.7.5.6 7.66 101.73 109.39 OK
r-release-linux-x86_64 0.7.5.6 9.00 101.99 110.99 OK
r-release-macos-arm64 0.7.5.6 49.00 OK
r-release-macos-x86_64 0.7.5.6 82.00 OK
r-release-windows-x86_64 0.7.5.6 12.00 150.00 162.00 OK
r-oldrel-macos-arm64 0.7.5.6 41.00 OK
r-oldrel-windows-x86_64 0.7.5.6 13.00 139.00 152.00 OK

Check Details

Version: 0.7.5.6
Check: Rd files
Result: NOTE checkRd: (-1) concat.Rd:35: Lost braces; missing escapes or markup? 35 | \item{index_unique}{Whether to make the index unique by using the keys. If provided, this is the delimeter between "{orig_idx}{index_unique}{key}". When \code{NULL}, the original indices are kept.} | ^ checkRd: (-1) concat.Rd:35: Lost braces 35 | \item{index_unique}{Whether to make the index unique by using the keys. If provided, this is the delimeter between "{orig_idx}{index_unique}{key}". When \code{NULL}, the original indices are kept.} | ^ checkRd: (-1) concat.Rd:35: Lost braces 35 | \item{index_unique}{Whether to make the index unique by using the keys. If provided, this is the delimeter between "{orig_idx}{index_unique}{key}". When \code{NULL}, the original indices are kept.} | ^ Flavors: r-devel-linux-x86_64-debian-clang, r-devel-linux-x86_64-debian-gcc, r-devel-linux-x86_64-fedora-clang, r-devel-linux-x86_64-fedora-gcc, r-devel-windows-x86_64