CRAN Package Check Results for Package animaltracker

Last updated on 2022-05-18 15:48:57 CEST.

Flavor Version Tinstall Tcheck Ttotal Status Flags
r-devel-linux-x86_64-debian-clang 0.2.0 11.45 111.09 122.54 OK
r-devel-linux-x86_64-debian-gcc 0.2.0 8.91 82.56 91.47 OK
r-devel-linux-x86_64-fedora-clang 0.2.0 151.66 NOTE
r-devel-linux-x86_64-fedora-gcc 0.2.0 135.19 OK
r-devel-windows-x86_64 0.2.0 120.00 131.00 251.00 OK
r-patched-linux-x86_64 0.2.0 9.23 102.76 111.99 OK
r-release-linux-x86_64 0.2.0 8.24 101.53 109.77 OK
r-release-macos-arm64 0.2.0 39.00 OK
r-release-macos-x86_64 0.2.0 67.00 OK
r-release-windows-x86_64 0.2.0 88.00 125.00 213.00 OK
r-oldrel-macos-arm64 0.2.0 45.00 OK
r-oldrel-macos-x86_64 0.2.0 52.00 OK
r-oldrel-windows-ix86+x86_64 0.2.0 25.00 120.00 145.00 OK

Check Details

Version: 0.2.0
Check: package dependencies
Result: NOTE
    Imports includes 22 non-default packages.
    Importing from so many packages makes the package vulnerable to any of
    them becoming unavailable. Move as many as possible to Suggests and
    use conditionally.
Flavor: r-devel-linux-x86_64-fedora-clang