Last updated on 2023-06-10 03:56:16 CEST.
Flavor | Version | Tinstall | Tcheck | Ttotal | Status | Flags |
---|---|---|---|---|---|---|
r-devel-linux-x86_64-debian-clang | 0.17-6 | 19.67 | 190.88 | 210.55 | NOTE | |
r-devel-linux-x86_64-debian-gcc | 0.17-6 | 16.98 | 144.30 | 161.28 | NOTE | |
r-devel-linux-x86_64-fedora-clang | 0.17-6 | 261.99 | NOTE | |||
r-devel-linux-x86_64-fedora-gcc | 0.17-6 | 260.98 | NOTE | |||
r-devel-windows-x86_64 | 0.17-6 | 22.00 | 195.00 | 217.00 | NOTE | |
r-patched-linux-x86_64 | 0.17-6 | 24.50 | 182.82 | 207.32 | NOTE | |
r-release-linux-x86_64 | 0.17-6 | 18.18 | 180.75 | 198.93 | NOTE | |
r-release-macos-arm64 | 0.17-6 | 88.00 | NOTE | |||
r-release-macos-x86_64 | 0.17-6 | 143.00 | NOTE | |||
r-release-windows-x86_64 | 0.17-6 | 23.00 | 228.00 | 251.00 | NOTE | |
r-oldrel-macos-arm64 | 0.17-6 | 78.00 | OK | |||
r-oldrel-macos-x86_64 | 0.17-6 | 105.00 | OK | |||
r-oldrel-windows-x86_64 | 0.17-6 | 25.00 | 222.00 | 247.00 | OK |
Version: 0.17-6
Check: Rd files
Result: NOTE
checkRd: (-1) deshrink.Rd:55: Escaped LaTeX specials: \&
checkRd: (-1) deshrink.Rd:51: Escaped LaTeX specials: \&
checkRd: (-1) plot.mat.Rd:60: Escaped LaTeX specials: \&
checkRd: (-1) plot.wa.Rd:46: Escaped LaTeX specials: \&
checkRd: (-1) predict.prcurve.Rd:5: Escaped LaTeX specials: \&
Flavors: r-devel-linux-x86_64-debian-clang, r-devel-linux-x86_64-debian-gcc, r-devel-linux-x86_64-fedora-clang, r-devel-linux-x86_64-fedora-gcc, r-devel-windows-x86_64, r-patched-linux-x86_64, r-release-linux-x86_64, r-release-macos-arm64, r-release-macos-x86_64, r-release-windows-x86_64