CRAN Package Check Results for Package almanac

Last updated on 2022-06-27 15:53:37 CEST.

Flavor Version Tinstall Tcheck Ttotal Status Flags
r-devel-linux-x86_64-debian-clang 0.1.1 13.57 157.98 171.55 NOTE
r-devel-linux-x86_64-debian-gcc 0.1.1 9.70 111.09 120.79 NOTE
r-devel-linux-x86_64-fedora-clang 0.1.1 226.94 NOTE
r-devel-linux-x86_64-fedora-gcc 0.1.1 216.62 NOTE
r-devel-windows-x86_64 0.1.1 54.00 167.00 221.00 NOTE
r-patched-linux-x86_64 0.1.1 10.51 154.36 164.87 NOTE
r-release-linux-x86_64 0.1.1 10.22 156.15 166.37 NOTE
r-release-macos-arm64 0.1.1 60.00 NOTE
r-release-macos-x86_64 0.1.1 78.00 NOTE
r-release-windows-x86_64 0.1.1 61.00 177.00 238.00 NOTE
r-oldrel-macos-arm64 0.1.1 71.00 NOTE
r-oldrel-macos-x86_64 0.1.1 103.00 NOTE
r-oldrel-windows-ix86+x86_64 0.1.1 32.00 320.00 352.00 NOTE

Check Details

Version: 0.1.1
Check: LazyData
Result: NOTE
     'LazyData' is specified without a 'data' directory
Flavors: r-devel-linux-x86_64-debian-clang, r-devel-linux-x86_64-debian-gcc, r-devel-linux-x86_64-fedora-clang, r-devel-linux-x86_64-fedora-gcc, r-devel-windows-x86_64, r-patched-linux-x86_64, r-release-linux-x86_64, r-release-macos-arm64, r-release-macos-x86_64, r-release-windows-x86_64, r-oldrel-macos-arm64, r-oldrel-macos-x86_64, r-oldrel-windows-ix86+x86_64