Last updated on 2023-12-07 15:48:10 CET.
Flavor | Version | Tinstall | Tcheck | Ttotal | Status | Flags |
---|---|---|---|---|---|---|
r-devel-linux-x86_64-debian-clang | 1.3.0 | 66.75 | 698.93 | 765.68 | NOTE | |
r-devel-linux-x86_64-debian-gcc | 1.3.0 | 60.35 | 521.00 | 581.35 | NOTE | |
r-devel-linux-x86_64-fedora-clang | 1.3.0 | 946.42 | OK | |||
r-devel-linux-x86_64-fedora-gcc | 1.3.0 | 958.93 | OK | |||
r-devel-windows-x86_64 | 1.3.0 | 62.00 | 651.00 | 713.00 | OK | |
r-patched-linux-x86_64 | 1.3.0 | 69.65 | 675.96 | 745.61 | OK | |
r-release-linux-x86_64 | 1.3.0 | 49.01 | 667.39 | 716.40 | OK | |
r-release-macos-arm64 | 1.3.0 | 235.00 | OK | |||
r-release-macos-x86_64 | 1.3.0 | 560.00 | OK | |||
r-release-windows-x86_64 | 1.3.0 | 85.00 | 719.00 | 804.00 | OK | |
r-oldrel-macos-arm64 | 1.3.0 | 204.00 | OK | |||
r-oldrel-macos-x86_64 | 1.3.0 | 270.00 | OK | |||
r-oldrel-windows-x86_64 | 1.3.0 | 78.00 | 629.00 | 707.00 | OK |
Version: 1.3.0
Check: Rd files
Result: NOTE
checkRd: (-1) buildPhylipLineage.Rd:61: Lost braces; missing escapes or markup?
61 | names with the format {"Inferred1", "Inferred2", ...}.
| ^
Flavors: r-devel-linux-x86_64-debian-clang, r-devel-linux-x86_64-debian-gcc