CRAN Package Check Results for Package ajv

Last updated on 2022-06-27 15:53:37 CEST.

Flavor Version Tinstall Tcheck Ttotal Status Flags
r-devel-linux-x86_64-debian-clang 1.0.0 2.19 34.03 36.22 NOTE
r-devel-linux-x86_64-debian-gcc 1.0.0 2.30 26.56 28.86 NOTE
r-devel-linux-x86_64-fedora-clang 1.0.0 54.56 NOTE
r-devel-linux-x86_64-fedora-gcc 1.0.0 53.82 NOTE
r-devel-windows-x86_64 1.0.0 14.00 60.00 74.00 NOTE
r-patched-linux-x86_64 1.0.0 3.18 33.54 36.72 NOTE
r-release-linux-x86_64 1.0.0 2.69 32.59 35.28 NOTE
r-release-macos-arm64 1.0.0 21.00 NOTE
r-release-macos-x86_64 1.0.0 27.00 NOTE
r-release-windows-x86_64 1.0.0 13.00 61.00 74.00 NOTE
r-oldrel-macos-arm64 1.0.0 24.00 NOTE
r-oldrel-macos-x86_64 1.0.0 34.00 NOTE
r-oldrel-windows-ix86+x86_64 1.0.0 9.00 68.00 77.00 NOTE

Check Details

Version: 1.0.0
Check: LazyData
Result: NOTE
     'LazyData' is specified without a 'data' directory
Flavors: r-devel-linux-x86_64-debian-clang, r-devel-linux-x86_64-debian-gcc, r-devel-linux-x86_64-fedora-clang, r-devel-linux-x86_64-fedora-gcc, r-devel-windows-x86_64, r-patched-linux-x86_64, r-release-linux-x86_64, r-release-macos-arm64, r-release-macos-x86_64, r-release-windows-x86_64, r-oldrel-macos-arm64, r-oldrel-macos-x86_64, r-oldrel-windows-ix86+x86_64