Last updated on 2022-08-08 15:54:09 CEST.
Flavor | Version | Tinstall | Tcheck | Ttotal | Status | Flags |
---|---|---|---|---|---|---|
r-devel-linux-x86_64-debian-clang | 0.2.0 | 32.15 | 315.28 | 347.43 | OK | |
r-devel-linux-x86_64-debian-gcc | 0.2.0 | 28.23 | 228.38 | 256.61 | OK | |
r-devel-linux-x86_64-fedora-clang | 0.2.0 | 400.24 | NOTE | |||
r-devel-linux-x86_64-fedora-gcc | 0.2.0 | 407.79 | NOTE | |||
r-devel-windows-x86_64 | 0.2.0 | 39.00 | 305.00 | 344.00 | OK | |
r-patched-linux-x86_64 | 0.2.0 | 31.90 | 293.19 | 325.09 | OK | |
r-release-linux-x86_64 | 0.2.0 | OK | ||||
r-release-macos-arm64 | 0.2.0 | 73.00 | NOTE | |||
r-release-macos-x86_64 | 0.2.0 | 164.00 | NOTE | |||
r-release-windows-x86_64 | 0.2.0 | 42.00 | 313.00 | 355.00 | OK | |
r-oldrel-macos-arm64 | 0.2.0 | 75.00 | NOTE | |||
r-oldrel-macos-x86_64 | 0.2.0 | 124.00 | NOTE | |||
r-oldrel-windows-ix86+x86_64 | 0.2.0 | 75.00 | 329.00 | 404.00 | OK |
Version: 0.2.0
Check: dependencies in R code
Result: NOTE
Namespace in Imports field not imported from: ‘plyr’
All declared Imports should be used.
Flavors: r-devel-linux-x86_64-fedora-clang, r-devel-linux-x86_64-fedora-gcc, r-release-macos-arm64, r-release-macos-x86_64, r-oldrel-macos-arm64, r-oldrel-macos-x86_64