Last updated on 2025-01-25 03:49:46 CET.
Flavor | Version | Tinstall | Tcheck | Ttotal | Status | Flags |
---|---|---|---|---|---|---|
r-devel-linux-x86_64-debian-clang | 1.2.1 | 11.72 | 90.20 | 101.92 | OK | |
r-devel-linux-x86_64-debian-gcc | 1.2.1 | 7.09 | 63.64 | 70.73 | OK | |
r-devel-linux-x86_64-fedora-clang | 1.2.1 | 87.82 | OK | |||
r-devel-linux-x86_64-fedora-gcc | 1.2.1 | 181.14 | OK | |||
r-devel-windows-x86_64 | 1.2.1 | 14.00 | 99.00 | 113.00 | OK | |
r-patched-linux-x86_64 | 1.2.1 | 11.21 | 83.67 | 94.88 | NOTE | |
r-release-linux-x86_64 | 1.2.1 | 8.70 | 83.72 | 92.42 | NOTE | |
r-release-macos-arm64 | 1.2.0 | 53.00 | NOTE | |||
r-release-macos-x86_64 | 1.2.1 | 103.00 | NOTE | |||
r-release-windows-x86_64 | 1.2.1 | 13.00 | 154.00 | 167.00 | NOTE | |
r-oldrel-macos-arm64 | 1.2.0 | 43.00 | NOTE | |||
r-oldrel-macos-x86_64 | 1.2.0 | 67.00 | NOTE | |||
r-oldrel-windows-x86_64 | 1.2.1 | 16.00 | 128.00 | 144.00 | NOTE |
Version: 1.2.1
Check: package dependencies
Result: NOTE
Package which this enhances but not available for checking: ‘asreml’
Flavors: r-patched-linux-x86_64, r-release-linux-x86_64, r-release-macos-x86_64, r-release-windows-x86_64, r-oldrel-windows-x86_64
Version: 1.2.0
Check: package dependencies
Result: NOTE
Package which this enhances but not available for checking: ‘asreml’
Flavors: r-release-macos-arm64, r-oldrel-macos-arm64, r-oldrel-macos-x86_64