Last updated on 2022-05-25 15:50:27 CEST.
Flavor | Version | Tinstall | Tcheck | Ttotal | Status | Flags |
---|---|---|---|---|---|---|
r-devel-linux-x86_64-debian-clang | 0.4.0 | 9.45 | 160.72 | 170.17 | OK | |
r-devel-linux-x86_64-debian-gcc | 0.4.0 | 6.93 | 118.94 | 125.87 | OK | |
r-devel-linux-x86_64-fedora-clang | 0.4.0 | 214.16 | NOTE | |||
r-devel-linux-x86_64-fedora-gcc | 0.4.0 | 203.14 | NOTE | |||
r-devel-windows-x86_64 | 0.4.0 | 19.00 | 177.00 | 196.00 | OK | |
r-patched-linux-x86_64 | 0.4.0 | 11.13 | 154.64 | 165.77 | OK | |
r-release-linux-x86_64 | 0.4.0 | OK | ||||
r-release-macos-arm64 | 0.4.0 | 64.00 | NOTE | |||
r-release-macos-x86_64 | 0.4.0 | 86.00 | NOTE | |||
r-release-windows-x86_64 | 0.4.0 | 18.00 | 180.00 | 198.00 | OK | |
r-oldrel-macos-arm64 | 0.4.0 | 110.00 | NOTE | |||
r-oldrel-macos-x86_64 | 0.4.0 | 111.00 | NOTE | |||
r-oldrel-windows-ix86+x86_64 | 0.4.0 | 20.00 | 185.00 | 205.00 | OK |
Version: 0.4.0
Check: dependencies in R code
Result: NOTE
Namespace in Imports field not imported from: ‘mathjaxr’
All declared Imports should be used.
Flavors: r-devel-linux-x86_64-fedora-clang, r-devel-linux-x86_64-fedora-gcc, r-release-macos-arm64, r-release-macos-x86_64, r-oldrel-macos-arm64, r-oldrel-macos-x86_64