CRAN Package Check Results for Package adventr

Last updated on 2024-04-24 02:52:52 CEST.

Flavor Version Tinstall Tcheck Ttotal Status Flags
r-devel-linux-x86_64-debian-clang 0.1.8 4.70 44.85 49.55 OK
r-devel-linux-x86_64-debian-gcc 0.1.8 4.49 33.90 38.39 OK
r-devel-linux-x86_64-fedora-clang 0.1.8 62.64 NOTE
r-devel-linux-x86_64-fedora-gcc 0.1.8 74.88 NOTE
r-prerel-macos-arm64 0.1.8 30.00 NOTE
r-prerel-windows-x86_64 0.1.8 7.00 57.00 64.00 NOTE
r-patched-linux-x86_64 0.1.8 5.40 43.18 48.58 OK
r-release-linux-x86_64 0.1.8 5.46 41.66 47.12 OK
r-release-macos-arm64 0.1.8 32.00 NOTE
r-release-macos-x86_64 0.1.8 43.00 NOTE
r-release-windows-x86_64 0.1.8 9.00 59.00 68.00 NOTE
r-oldrel-macos-arm64 0.1.8 23.00 NOTE
r-oldrel-windows-x86_64 0.1.8 10.00 64.00 74.00 NOTE

Check Details

Version: 0.1.8
Check: installed package size
Result: NOTE installed size is 5.8Mb sub-directories of 1Mb or more: tutorials 5.6Mb Flavors: r-devel-linux-x86_64-fedora-clang, r-prerel-macos-arm64, r-prerel-windows-x86_64, r-release-macos-arm64, r-release-macos-x86_64, r-release-windows-x86_64, r-oldrel-macos-arm64, r-oldrel-windows-x86_64

Version: 0.1.8
Check: dependencies in R code
Result: NOTE Namespaces in Imports field not imported from: ‘BayesFactor’ ‘GGally’ ‘Hmisc’ ‘WRS2’ ‘boot’ ‘car’ ‘dplyr’ ‘effects’ ‘effsize’ ‘forcats’ ‘ggplot2’ ‘lm.beta’ ‘nlme’ ‘readr’ ‘robust’ ‘sandwich’ ‘sjstats’ ‘tidyr’ All declared Imports should be used. Flavors: r-devel-linux-x86_64-fedora-clang, r-devel-linux-x86_64-fedora-gcc, r-oldrel-macos-arm64