Last updated on 2023-09-22 04:01:05 CEST.
Flavor | Version | Tinstall | Tcheck | Ttotal | Status | Flags |
---|---|---|---|---|---|---|
r-devel-linux-x86_64-debian-clang | 0.12.0 | 16.52 | 400.60 | 417.12 | OK | |
r-devel-linux-x86_64-debian-gcc | 0.12.0 | 14.75 | 292.55 | 307.30 | OK | |
r-devel-linux-x86_64-fedora-clang | 0.12.0 | 503.10 | NOTE | |||
r-devel-linux-x86_64-fedora-gcc | 0.12.0 | 549.92 | NOTE | |||
r-devel-windows-x86_64 | 0.12.0 | 17.00 | 333.00 | 350.00 | OK | |
r-patched-linux-x86_64 | 0.12.0 | 17.11 | 379.32 | 396.43 | OK | |
r-release-linux-x86_64 | 0.12.0 | 11.93 | 378.37 | 390.30 | OK | |
r-release-macos-arm64 | 0.12.0 | 166.00 | OK | |||
r-release-macos-x86_64 | 0.12.0 | 386.00 | OK | |||
r-release-windows-x86_64 | 0.12.0 | 24.00 | 425.00 | 449.00 | OK | |
r-oldrel-macos-arm64 | 0.12.0 | 144.00 | OK | |||
r-oldrel-macos-x86_64 | 0.12.0 | 166.00 | OK | |||
r-oldrel-windows-x86_64 | 0.12.0 | 24.00 | 382.00 | 406.00 | OK |
Version: 0.12.0
Check: data for non-ASCII characters
Result: NOTE
Note: found 12 marked UTF-8 strings
Flavors: r-devel-linux-x86_64-fedora-clang, r-devel-linux-x86_64-fedora-gcc