Last updated on 2022-06-28 03:51:25 CEST.
Flavor | Version | Tinstall | Tcheck | Ttotal | Status | Flags |
---|---|---|---|---|---|---|
r-devel-linux-x86_64-debian-clang | 0.1.0 | 5.19 | 48.52 | 53.71 | NOTE | |
r-devel-linux-x86_64-debian-gcc | 0.1.0 | 3.66 | 36.54 | 40.20 | NOTE | |
r-devel-linux-x86_64-fedora-clang | 0.1.0 | 72.59 | NOTE | |||
r-devel-linux-x86_64-fedora-gcc | 0.1.0 | 71.98 | NOTE | |||
r-devel-windows-x86_64 | 0.1.0 | 15.00 | 71.00 | 86.00 | NOTE | |
r-patched-linux-x86_64 | 0.1.0 | 3.48 | 46.19 | 49.67 | NOTE | |
r-release-linux-x86_64 | 0.1.0 | 4.72 | 46.41 | 51.13 | NOTE | |
r-release-macos-arm64 | 0.1.0 | 22.00 | NOTE | |||
r-release-macos-x86_64 | 0.1.0 | 31.00 | NOTE | |||
r-release-windows-x86_64 | 0.1.0 | 18.00 | 69.00 | 87.00 | NOTE | |
r-oldrel-macos-arm64 | 0.1.0 | 25.00 | NOTE | |||
r-oldrel-macos-x86_64 | 0.1.0 | 36.00 | NOTE | |||
r-oldrel-windows-ix86+x86_64 | 0.1.0 | 14.00 | 64.00 | 78.00 | NOTE |
Version: 0.1.0
Check: LazyData
Result: NOTE
'LazyData' is specified without a 'data' directory
Flavors: r-devel-linux-x86_64-debian-clang, r-devel-linux-x86_64-debian-gcc, r-devel-linux-x86_64-fedora-clang, r-devel-linux-x86_64-fedora-gcc, r-devel-windows-x86_64, r-patched-linux-x86_64, r-release-linux-x86_64, r-release-macos-arm64, r-release-macos-x86_64, r-release-windows-x86_64, r-oldrel-macos-arm64, r-oldrel-macos-x86_64, r-oldrel-windows-ix86+x86_64