CRAN Package Check Results for Package adjclust

Last updated on 2022-06-29 03:52:33 CEST.

Flavor Version Tinstall Tcheck Ttotal Status Flags
r-devel-linux-x86_64-debian-clang 0.6.4 47.95 173.41 221.36 OK
r-devel-linux-x86_64-debian-gcc 0.6.4 40.14 122.98 163.12 OK
r-devel-linux-x86_64-fedora-clang 0.6.4 285.27 OK
r-devel-linux-x86_64-fedora-gcc 0.6.4 283.25 OK
r-devel-windows-x86_64 0.6.4 72.00 221.00 293.00 OK
r-patched-linux-x86_64 0.6.4 43.11 158.32 201.43 OK
r-release-linux-x86_64 0.6.4 40.56 154.54 195.10 OK
r-release-macos-arm64 0.6.4 61.00 NOTE
r-release-macos-x86_64 0.6.4 91.00 NOTE
r-release-windows-x86_64 0.6.4 71.00 221.00 292.00 OK
r-oldrel-macos-arm64 0.6.4 75.00 NOTE
r-oldrel-macos-x86_64 0.6.4 96.00 NOTE
r-oldrel-windows-ix86+x86_64 0.6.4 109.00 271.00 380.00 NOTE

Check Details

Version: 0.6.4
Check: package dependencies
Result: NOTE
    Package suggested but not available for checking: ‘HiTC’
Flavors: r-release-macos-arm64, r-release-macos-x86_64, r-oldrel-macos-x86_64

Version: 0.6.4
Check: installed package size
Result: NOTE
     installed size is 5.7Mb
     sub-directories of 1Mb or more:
     doc 2.7Mb
     libs 2.5Mb
Flavors: r-release-macos-arm64, r-release-macos-x86_64, r-oldrel-macos-arm64, r-oldrel-macos-x86_64, r-oldrel-windows-ix86+x86_64