CRAN Package Check Results for Package adegenet

Last updated on 2022-01-19 15:51:56 CET.

Flavor Version Tinstall Tcheck Ttotal Status Flags
r-devel-linux-x86_64-debian-clang 2.1.5 OK
r-devel-linux-x86_64-debian-gcc 2.1.5 26.55 180.01 206.56 OK
r-devel-linux-x86_64-fedora-clang 2.1.5 313.80 OK
r-devel-linux-x86_64-fedora-gcc 2.1.5 295.93 OK
r-devel-windows-x86_64-new-UL 2.1.5 332.00 268.00 600.00 OK
r-devel-windows-x86_64-new-TK 2.1.5 OK
r-patched-linux-x86_64 2.1.5 36.33 219.78 256.11 OK
r-release-linux-x86_64 2.1.5 OK
r-release-macos-arm64 2.1.5 NOTE
r-release-macos-x86_64 2.1.5 OK
r-release-windows-ix86+x86_64 2.1.5 63.00 365.00 428.00 OK
r-oldrel-macos-x86_64 2.1.5 OK
r-oldrel-windows-ix86+x86_64 2.1.5 64.00 379.00 443.00 OK

Check Details

Version: 2.1.5
Check: installed package size
Result: NOTE
     installed size is 5.8Mb
     sub-directories of 1Mb or more:
     R 2.1Mb
     data 1.3Mb
     files 1.7Mb
Flavor: r-release-macos-arm64