Last updated on 2022-06-25 15:51:14 CEST.
Flavor | Version | Tinstall | Tcheck | Ttotal | Status | Flags |
---|---|---|---|---|---|---|
r-devel-linux-x86_64-debian-clang | 1.1.1 | 2.21 | 35.56 | 37.77 | NOTE | |
r-devel-linux-x86_64-debian-gcc | 1.1.1 | 2.65 | 27.39 | 30.04 | NOTE | |
r-devel-linux-x86_64-fedora-clang | 1.1.1 | 56.61 | NOTE | |||
r-devel-linux-x86_64-fedora-gcc | 1.1.1 | 55.48 | NOTE | |||
r-devel-windows-x86_64 | 1.1.1 | 22.00 | 72.00 | 94.00 | NOTE | |
r-patched-linux-x86_64 | 1.1.1 | 2.54 | 34.93 | 37.47 | NOTE | |
r-release-linux-x86_64 | 1.1.1 | 3.03 | 34.92 | 37.95 | NOTE | |
r-release-macos-arm64 | 1.1.1 | 20.00 | NOTE | |||
r-release-macos-x86_64 | 1.1.1 | 26.00 | NOTE | |||
r-release-windows-x86_64 | 1.1.1 | 28.00 | 71.00 | 99.00 | NOTE | |
r-oldrel-macos-arm64 | 1.1.1 | 26.00 | NOTE | |||
r-oldrel-macos-x86_64 | 1.1.1 | 33.00 | NOTE | |||
r-oldrel-windows-ix86+x86_64 | 1.1.1 | 7.00 | 55.00 | 62.00 | NOTE |
Version: 1.1.1
Check: LazyData
Result: NOTE
'LazyData' is specified without a 'data' directory
Flavors: r-devel-linux-x86_64-debian-clang, r-devel-linux-x86_64-debian-gcc, r-devel-linux-x86_64-fedora-clang, r-devel-linux-x86_64-fedora-gcc, r-devel-windows-x86_64, r-patched-linux-x86_64, r-release-linux-x86_64, r-release-macos-arm64, r-release-macos-x86_64, r-release-windows-x86_64, r-oldrel-macos-arm64, r-oldrel-macos-x86_64, r-oldrel-windows-ix86+x86_64