Last updated on 2022-06-29 15:49:47 CEST.
Flavor | Version | Tinstall | Tcheck | Ttotal | Status | Flags |
---|---|---|---|---|---|---|
r-devel-linux-x86_64-debian-clang | 0.2 | 6.34 | 60.38 | 66.72 | OK | |
r-devel-linux-x86_64-debian-gcc | 0.2 | 4.61 | 45.37 | 49.98 | OK | |
r-devel-linux-x86_64-fedora-clang | 0.2 | 90.96 | NOTE | |||
r-devel-linux-x86_64-fedora-gcc | 0.2 | 89.89 | OK | |||
r-devel-windows-x86_64 | 0.2 | 11.00 | 86.00 | 97.00 | OK | |
r-patched-linux-x86_64 | 0.2 | 5.56 | 56.84 | 62.40 | OK | |
r-release-linux-x86_64 | 0.2 | 6.29 | 55.74 | 62.03 | OK | |
r-release-macos-arm64 | 0.2 | 26.00 | OK | |||
r-release-macos-x86_64 | 0.2 | 36.00 | OK | |||
r-release-windows-x86_64 | 0.2 | 16.00 | 89.00 | 105.00 | OK | |
r-oldrel-macos-arm64 | 0.2 | 24.00 | OK | |||
r-oldrel-macos-x86_64 | 0.2 | 36.00 | OK | |||
r-oldrel-windows-ix86+x86_64 | 0.2 | 16.00 | 78.00 | 94.00 | OK |
Version: 0.2
Check: Rd cross-references
Result: NOTE
Undeclared package ‘CCA’ in Rd xrefs
Flavor: r-devel-linux-x86_64-fedora-clang