Last updated on 2022-07-04 03:52:11 CEST.
Flavor | Version | Tinstall | Tcheck | Ttotal | Status | Flags |
---|---|---|---|---|---|---|
r-devel-linux-x86_64-debian-clang | 2.7-1 | 198.92 | 182.39 | 381.31 | NOTE | |
r-devel-linux-x86_64-debian-gcc | 2.7-1 | 161.93 | 139.89 | 301.82 | NOTE | |
r-devel-linux-x86_64-fedora-clang | 2.7-1 | 729.13 | NOTE | |||
r-devel-linux-x86_64-fedora-gcc | 2.7-1 | 690.05 | OK | |||
r-devel-windows-x86_64 | 2.7-1 | 186.00 | 254.00 | 440.00 | NOTE | |
r-patched-linux-x86_64 | 2.7-1 | 151.69 | 175.99 | 327.68 | NOTE | |
r-release-linux-x86_64 | 2.7-1 | 156.70 | 174.39 | 331.09 | NOTE | |
r-release-macos-arm64 | 2.7-1 | 124.00 | NOTE | |||
r-release-macos-x86_64 | 2.7-1 | 173.00 | NOTE | |||
r-release-windows-x86_64 | 2.7-1 | 190.00 | 248.00 | 438.00 | NOTE | |
r-oldrel-macos-arm64 | 2.7-1 | 134.00 | NOTE | |||
r-oldrel-macos-x86_64 | 2.7-1 | 155.00 | NOTE | |||
r-oldrel-windows-ix86+x86_64 | 2.7-1 | 498.00 | 356.00 | 854.00 | NOTE |
Version: 2.7-1
Check: package dependencies
Result: NOTE
Package suggested but not available for checking: 'INLA'
Flavors: r-devel-linux-x86_64-debian-clang, r-devel-linux-x86_64-debian-gcc, r-devel-windows-x86_64, r-patched-linux-x86_64, r-release-linux-x86_64, r-release-macos-arm64, r-release-macos-x86_64, r-release-windows-x86_64, r-oldrel-macos-arm64, r-oldrel-macos-x86_64
Version: 2.7-1
Check: installed package size
Result: NOTE
installed size is 7.6Mb
sub-directories of 1Mb or more:
libs 4.6Mb
Flavors: r-devel-linux-x86_64-fedora-clang, r-release-macos-arm64, r-release-macos-x86_64, r-oldrel-macos-arm64, r-oldrel-macos-x86_64, r-oldrel-windows-ix86+x86_64