Last updated on 2022-05-18 03:53:53 CEST.
Flavor | Version | Tinstall | Tcheck | Ttotal | Status | Flags |
---|---|---|---|---|---|---|
r-devel-linux-x86_64-debian-clang | 2.1.1 | 136.87 | 121.79 | 258.66 | WARN | |
r-devel-linux-x86_64-debian-gcc | 2.1.1 | 100.36 | 89.96 | 190.32 | OK | |
r-devel-linux-x86_64-fedora-clang | 2.1.1 | 351.98 | WARN | |||
r-devel-linux-x86_64-fedora-gcc | 2.1.1 | 302.68 | OK | |||
r-devel-windows-x86_64 | 2.1.1 | 101.00 | 165.00 | 266.00 | OK | |
r-patched-linux-x86_64 | 2.1.1 | 106.86 | 115.41 | 222.27 | OK | |
r-release-linux-x86_64 | 2.1.1 | 105.96 | 113.06 | 219.02 | OK | |
r-release-macos-arm64 | 2.1.1 | 77.00 | NOTE | |||
r-release-macos-x86_64 | 2.1.1 | 135.00 | NOTE | |||
r-release-windows-x86_64 | 2.1.1 | 93.00 | 155.00 | 248.00 | OK | |
r-oldrel-macos-arm64 | 2.1.1 | 88.00 | NOTE | |||
r-oldrel-macos-x86_64 | 2.1.1 | 94.00 | NOTE | |||
r-oldrel-windows-ix86+x86_64 | 2.1.1 | 270.00 | 178.00 | 448.00 | OK |
Version: 2.1.1
Check: whether package can be installed
Result: WARN
Found the following significant warnings:
fnToExport.cpp:415:8: warning: use of bitwise '&' with boolean operands [-Wbitwise-instead-of-logical]
Flavors: r-devel-linux-x86_64-debian-clang, r-devel-linux-x86_64-fedora-clang
Version: 2.1.1
Check: installed package size
Result: NOTE
installed size is 7.9Mb
sub-directories of 1Mb or more:
libs 7.6Mb
Flavors: r-devel-linux-x86_64-fedora-clang, r-release-macos-arm64, r-release-macos-x86_64, r-oldrel-macos-arm64, r-oldrel-macos-x86_64