CRAN Package Check Results for Package ZIM

Last updated on 2022-05-20 15:52:22 CEST.

Flavor Version Tinstall Tcheck Ttotal Status Flags
r-devel-linux-x86_64-debian-clang 1.1.0 3.87 41.51 45.38 OK
r-devel-linux-x86_64-debian-gcc 1.1.0 4.07 32.05 36.12 OK
r-devel-linux-x86_64-fedora-clang 1.1.0 56.74 NOTE
r-devel-linux-x86_64-fedora-gcc 1.1.0 55.42 OK
r-devel-windows-x86_64 1.1.0 14.00 54.00 68.00 OK
r-patched-linux-x86_64 1.1.0 5.58 40.12 45.70 OK
r-release-linux-x86_64 1.1.0 4.75 41.26 46.01 OK
r-release-macos-arm64 1.1.0 18.00 OK
r-release-macos-x86_64 1.1.0 26.00 OK
r-release-windows-x86_64 1.1.0 15.00 56.00 71.00 OK
r-oldrel-macos-arm64 1.1.0 27.00 OK
r-oldrel-macos-x86_64 1.1.0 28.00 OK
r-oldrel-windows-ix86+x86_64 1.1.0 8.00 74.00 82.00 OK

Check Details

Version: 1.1.0
Check: Rd cross-references
Result: NOTE
    Undeclared package ‘dplyr’ in Rd xrefs
Flavor: r-devel-linux-x86_64-fedora-clang