CRAN Package Check Results for Package WDI

Last updated on 2024-07-18 15:49:15 CEST.

Flavor Version Tinstall Tcheck Ttotal Status Flags
r-devel-linux-x86_64-debian-clang 2.7.8 2.54 26.07 28.61 OK
r-devel-linux-x86_64-debian-gcc 2.7.8 2.31 19.93 22.24 OK
r-devel-linux-x86_64-fedora-clang 2.7.8 36.42 NOTE
r-devel-linux-x86_64-fedora-gcc 2.7.8 34.32 NOTE
r-devel-windows-x86_64 2.7.8 3.00 44.00 47.00 OK
r-patched-linux-x86_64 2.7.8 2.29 25.08 27.37 OK
r-release-linux-x86_64 2.7.8 2.68 25.33 28.01 OK
r-release-macos-arm64 2.7.8 16.00 OK
r-release-macos-x86_64 2.7.8 25.00 OK
r-release-windows-x86_64 2.7.8 4.00 42.00 46.00 OK
r-oldrel-macos-arm64 2.7.8 15.00 OK
r-oldrel-macos-x86_64 2.7.8 21.00 OK
r-oldrel-windows-x86_64 2.7.8 3.00 46.00 49.00 OK

Check Details

Version: 2.7.8
Check: data for non-ASCII characters
Result: NOTE Note: found 1668 marked UTF-8 strings Flavors: r-devel-linux-x86_64-fedora-clang, r-devel-linux-x86_64-fedora-gcc