Last updated on 2023-12-09 15:52:41 CET.
Flavor | Version | Tinstall | Tcheck | Ttotal | Status | Flags |
---|---|---|---|---|---|---|
r-devel-linux-x86_64-debian-clang | 1.0.2 | 7.88 | 95.65 | 103.53 | NOTE | |
r-devel-linux-x86_64-debian-gcc | 1.0.2 | 7.46 | 71.84 | 79.30 | NOTE | |
r-devel-linux-x86_64-fedora-clang | 1.0.2 | 130.25 | NOTE | |||
r-devel-linux-x86_64-fedora-gcc | 1.0.2 | 136.63 | NOTE | |||
r-devel-windows-x86_64 | 1.0.2 | 8.00 | 94.00 | 102.00 | NOTE | |
r-patched-linux-x86_64 | 1.0.2 | 10.06 | 91.64 | 101.70 | OK | |
r-release-linux-x86_64 | 1.0.2 | 6.90 | 92.89 | 99.79 | OK | |
r-release-macos-arm64 | 1.0.2 | 49.00 | OK | |||
r-release-macos-x86_64 | 1.0.2 | 85.00 | OK | |||
r-release-windows-x86_64 | 1.0.2 | 11.00 | 111.00 | 122.00 | OK | |
r-oldrel-macos-arm64 | 1.0.2 | 40.00 | OK | |||
r-oldrel-macos-x86_64 | 1.0.2 | 57.00 | OK | |||
r-oldrel-windows-x86_64 | 1.0.2 | 10.00 | 112.00 | 122.00 | OK |
Version: 1.0.2
Check: Rd metadata
Result: NOTE
Invalid package aliases in Rd file 'wce-package.Rd':
‘wce-package’
Flavors: r-devel-linux-x86_64-debian-clang, r-devel-linux-x86_64-debian-gcc, r-devel-linux-x86_64-fedora-clang, r-devel-linux-x86_64-fedora-gcc, r-devel-windows-x86_64