Last updated on 2022-05-28 15:51:12 CEST.
Flavor | Version | Tinstall | Tcheck | Ttotal | Status | Flags |
---|---|---|---|---|---|---|
r-devel-linux-x86_64-debian-clang | 0.2.0 | 7.40 | 92.01 | 99.41 | NOTE | |
r-devel-linux-x86_64-debian-gcc | 0.2.0 | 6.02 | 69.13 | 75.15 | NOTE | |
r-devel-linux-x86_64-fedora-clang | 0.2.0 | 117.49 | NOTE | |||
r-devel-linux-x86_64-fedora-gcc | 0.2.0 | 117.44 | NOTE | |||
r-devel-windows-x86_64 | 0.2.0 | 31.00 | 103.00 | 134.00 | NOTE | |
r-patched-linux-x86_64 | 0.2.0 | 7.86 | 88.65 | 96.51 | NOTE | |
r-release-linux-x86_64 | 0.2.0 | 6.98 | 86.69 | 93.67 | NOTE | |
r-release-macos-arm64 | 0.2.0 | 36.00 | NOTE | |||
r-release-macos-x86_64 | 0.2.0 | 49.00 | NOTE | |||
r-release-windows-x86_64 | 0.2.0 | 43.00 | 108.00 | 151.00 | NOTE | |
r-oldrel-macos-arm64 | 0.2.0 | 38.00 | NOTE | |||
r-oldrel-macos-x86_64 | 0.2.0 | 66.00 | NOTE | |||
r-oldrel-windows-ix86+x86_64 | 0.2.0 | 18.00 | 101.00 | 119.00 | NOTE |
Version: 0.2.0
Check: LazyData
Result: NOTE
'LazyData' is specified without a 'data' directory
Flavors: r-devel-linux-x86_64-debian-clang, r-devel-linux-x86_64-debian-gcc, r-devel-linux-x86_64-fedora-clang, r-devel-linux-x86_64-fedora-gcc, r-devel-windows-x86_64, r-patched-linux-x86_64, r-release-linux-x86_64, r-release-macos-arm64, r-release-macos-x86_64, r-release-windows-x86_64, r-oldrel-macos-arm64, r-oldrel-macos-x86_64, r-oldrel-windows-ix86+x86_64