Last updated on 2022-06-25 03:51:12 CEST.
Flavor | Version | Tinstall | Tcheck | Ttotal | Status | Flags |
---|---|---|---|---|---|---|
r-devel-linux-x86_64-debian-clang | 1.1.0 | 43.02 | 394.82 | 437.84 | OK | |
r-devel-linux-x86_64-debian-gcc | 1.1.0 | 34.96 | 290.03 | 324.99 | OK | |
r-devel-linux-x86_64-fedora-clang | 1.1.0 | 540.73 | NOTE | |||
r-devel-linux-x86_64-fedora-gcc | 1.1.0 | 536.33 | OK | |||
r-devel-windows-x86_64 | 1.1.0 | 292.00 | 400.00 | 692.00 | NOTE | |
r-patched-linux-x86_64 | 1.1.0 | 43.40 | 374.06 | 417.46 | OK | |
r-release-linux-x86_64 | 1.1.0 | 45.16 | 375.53 | 420.69 | OK | |
r-release-macos-arm64 | 1.1.0 | 133.00 | NOTE | |||
r-release-macos-x86_64 | 1.1.0 | 228.00 | NOTE | |||
r-release-windows-x86_64 | 1.1.0 | 375.00 | 394.00 | 769.00 | NOTE | |
r-oldrel-macos-arm64 | 1.1.0 | 199.00 | NOTE | |||
r-oldrel-macos-x86_64 | 1.1.0 | 272.00 | NOTE | |||
r-oldrel-windows-ix86+x86_64 | 1.1.0 | 90.00 | 391.00 | 481.00 | NOTE |
Version: 1.1.0
Check: installed package size
Result: NOTE
installed size is 9.5Mb
sub-directories of 1Mb or more:
extdata 8.7Mb
Flavors: r-devel-linux-x86_64-fedora-clang, r-devel-windows-x86_64, r-release-macos-arm64, r-release-macos-x86_64, r-release-windows-x86_64, r-oldrel-macos-arm64, r-oldrel-macos-x86_64, r-oldrel-windows-ix86+x86_64