Last updated on 2022-05-26 15:53:26 CEST.
Flavor | Version | Tinstall | Tcheck | Ttotal | Status | Flags |
---|---|---|---|---|---|---|
r-devel-linux-x86_64-debian-clang | 1.0.1 | 6.28 | 68.67 | 74.95 | NOTE | |
r-devel-linux-x86_64-debian-gcc | 1.0.1 | 5.38 | 57.39 | 62.77 | NOTE | |
r-devel-linux-x86_64-fedora-clang | 1.0.1 | 87.36 | NOTE | |||
r-devel-linux-x86_64-fedora-gcc | 1.0.1 | 86.10 | NOTE | |||
r-devel-windows-x86_64 | 1.0.1 | 24.00 | 85.00 | 109.00 | NOTE | |
r-patched-linux-x86_64 | 1.0.1 | 5.21 | 63.35 | 68.56 | NOTE | |
r-release-linux-x86_64 | 1.0.1 | NOTE | ||||
r-release-macos-arm64 | 1.0.1 | 23.00 | NOTE | |||
r-release-macos-x86_64 | 1.0.1 | 46.00 | NOTE | |||
r-release-windows-x86_64 | 1.0.1 | 26.00 | 82.00 | 108.00 | NOTE | |
r-oldrel-macos-arm64 | 1.0.1 | 31.00 | NOTE | |||
r-oldrel-macos-x86_64 | 1.0.1 | 39.00 | NOTE | |||
r-oldrel-windows-ix86+x86_64 | 1.0.1 | 16.00 | 112.00 | 128.00 | NOTE |
Version: 1.0.1
Check: LazyData
Result: NOTE
'LazyData' is specified without a 'data' directory
Flavors: r-devel-linux-x86_64-debian-clang, r-devel-linux-x86_64-debian-gcc, r-devel-linux-x86_64-fedora-clang, r-devel-linux-x86_64-fedora-gcc, r-devel-windows-x86_64, r-patched-linux-x86_64, r-release-linux-x86_64, r-release-macos-arm64, r-release-macos-x86_64, r-release-windows-x86_64, r-oldrel-macos-arm64, r-oldrel-macos-x86_64, r-oldrel-windows-ix86+x86_64
Version: 1.0.1
Check: dependencies in R code
Result: NOTE
Namespace in Imports field not imported from: ‘dplyr’
All declared Imports should be used.
Flavors: r-devel-linux-x86_64-fedora-clang, r-devel-linux-x86_64-fedora-gcc, r-release-macos-arm64, r-release-macos-x86_64, r-oldrel-macos-arm64, r-oldrel-macos-x86_64