CRAN Package Check Results for Package USpopcenters

Last updated on 2022-06-28 03:51:46 CEST.

Flavor Version Tinstall Tcheck Ttotal Status Flags
r-devel-linux-x86_64-debian-clang 0.1.1 15.82 33.81 49.63 OK
r-devel-linux-x86_64-debian-gcc 0.1.1 14.38 27.35 41.73 OK
r-devel-linux-x86_64-fedora-clang 0.1.1 76.19 NOTE
r-devel-linux-x86_64-fedora-gcc 0.1.1 75.45 NOTE
r-devel-windows-x86_64 0.1.1 38.00 65.00 103.00 OK
r-patched-linux-x86_64 0.1.1 15.05 33.80 48.85 OK
r-release-linux-x86_64 0.1.1 15.35 33.87 49.22 OK
r-release-macos-arm64 0.1.1 28.00 NOTE
r-release-macos-x86_64 0.1.1 37.00 NOTE
r-release-windows-x86_64 0.1.1 35.00 62.00 97.00 OK
r-oldrel-macos-arm64 0.1.1 33.00 NOTE
r-oldrel-macos-x86_64 0.1.1 40.00 NOTE
r-oldrel-windows-ix86+x86_64 0.1.1 25.00 56.00 81.00 OK

Check Details

Version: 0.1.1
Check: data for non-ASCII characters
Result: NOTE
     Note: found 33 marked UTF-8 strings
Flavors: r-devel-linux-x86_64-fedora-clang, r-devel-linux-x86_64-fedora-gcc, r-release-macos-arm64, r-release-macos-x86_64, r-oldrel-macos-arm64, r-oldrel-macos-x86_64

Version: 0.1.1
Check: installed package size
Result: NOTE
     installed size is 5.1Mb
     sub-directories of 1Mb or more:
     data 5.0Mb
Flavors: r-release-macos-arm64, r-oldrel-macos-arm64