CRAN Package Check Results for Package UCSCXenaShiny

Last updated on 2022-09-25 15:56:56 CEST.

Flavor Version Tinstall Tcheck Ttotal Status Flags
r-devel-linux-x86_64-debian-clang 1.1.8 15.22 116.63 131.85 OK
r-devel-linux-x86_64-debian-gcc 1.1.8 12.67 84.42 97.09 OK
r-devel-linux-x86_64-fedora-clang 1.1.8 173.04 NOTE
r-devel-linux-x86_64-fedora-gcc 1.1.8 168.22 OK
r-devel-windows-x86_64 1.1.8 121.00 224.00 345.00 NOTE
r-patched-linux-x86_64 1.1.8 13.76 110.03 123.79 OK
r-release-linux-x86_64 1.1.8 13.25 106.70 119.95 OK
r-release-macos-arm64 1.1.8 51.00 NOTE
r-release-macos-x86_64 1.1.8 72.00 NOTE
r-release-windows-x86_64 1.1.8 167.00 163.00 330.00 NOTE
r-oldrel-macos-arm64 1.1.8 53.00 NOTE
r-oldrel-macos-x86_64 1.1.8 72.00 NOTE
r-oldrel-windows-ix86+x86_64 1.1.8 35.00 144.00 179.00 NOTE

Check Details

Version: 1.1.8
Check: installed package size
Result: NOTE
     installed size is 6.9Mb
     sub-directories of 1Mb or more:
     doc 1.4Mb
     shinyapp 3.4Mb
Flavors: r-devel-linux-x86_64-fedora-clang, r-devel-windows-x86_64, r-release-macos-arm64, r-release-macos-x86_64, r-release-windows-x86_64, r-oldrel-macos-arm64, r-oldrel-macos-x86_64, r-oldrel-windows-ix86+x86_64