CRAN Package Check Results for Package TreeSearch

Last updated on 2022-05-27 15:51:53 CEST.

Flavor Version Tinstall Tcheck Ttotal Status Flags
r-devel-linux-x86_64-debian-clang 1.1.2 47.03 389.39 436.42 OK
r-devel-linux-x86_64-debian-gcc 1.1.2 43.12 290.57 333.69 OK
r-devel-linux-x86_64-fedora-clang 1.1.2 567.32 OK
r-devel-linux-x86_64-fedora-gcc 1.1.2 539.29 OK
r-devel-windows-x86_64 1.1.2 193.00 426.00 619.00 OK
r-patched-linux-x86_64 1.1.2 41.50 372.93 414.43 OK
r-release-linux-x86_64 1.1.2 33.18 375.14 408.32 OK
r-release-macos-arm64 1.1.2 141.00 NOTE
r-release-macos-x86_64 1.1.2 193.00 NOTE
r-release-windows-x86_64 1.1.2 227.00 419.00 646.00 OK
r-oldrel-macos-arm64 1.1.2 144.00 NOTE
r-oldrel-macos-x86_64 1.1.2 198.00 NOTE
r-oldrel-windows-ix86+x86_64 1.1.2 119.00 596.00 715.00 NOTE

Check Details

Version: 1.1.2
Check: installed package size
Result: NOTE
     installed size is 5.2Mb
     sub-directories of 1Mb or more:
     datasets 1.6Mb
     libs 1.4Mb
Flavors: r-release-macos-arm64, r-release-macos-x86_64, r-oldrel-macos-arm64, r-oldrel-macos-x86_64, r-oldrel-windows-ix86+x86_64