CRAN Package Check Results for Package TransTGGM

Last updated on 2024-07-24 03:49:30 CEST.

Flavor Version Tinstall Tcheck Ttotal Status Flags
r-devel-linux-x86_64-debian-clang 1.0.0 11.06 89.68 100.74 OK
r-devel-linux-x86_64-debian-gcc 1.0.0 10.19 67.76 77.95 OK
r-devel-linux-x86_64-fedora-clang 1.0.0 127.79 NOTE
r-devel-linux-x86_64-fedora-gcc 1.0.0 133.78 NOTE
r-devel-windows-x86_64 1.0.0 13.00 80.00 93.00 OK
r-patched-linux-x86_64 1.0.0 10.53 84.89 95.42 OK
r-release-linux-x86_64 1.0.0 10.22 85.46 95.68 OK
r-release-macos-arm64 1.0.0 46.00 NOTE
r-release-macos-x86_64 1.0.0 70.00 NOTE
r-release-windows-x86_64 1.0.0 12.00 84.00 96.00 OK
r-oldrel-macos-arm64 1.0.0 48.00 OK
r-oldrel-macos-x86_64 1.0.0 74.00 NOTE
r-oldrel-windows-x86_64 1.0.0 16.00 93.00 109.00 OK

Check Details

Version: 1.0.0
Check: dependencies in R code
Result: NOTE Namespaces in Imports field not imported from: ‘MASS’ ‘Matrix’ All declared Imports should be used. Flavors: r-devel-linux-x86_64-fedora-clang, r-devel-linux-x86_64-fedora-gcc

Version: 1.0.0
Check: installed package size
Result: NOTE installed size is 5.1Mb sub-directories of 1Mb or more: data 5.0Mb Flavors: r-release-macos-arm64, r-release-macos-x86_64, r-oldrel-macos-x86_64