Last updated on 2023-09-25 04:01:00 CEST.
Flavor | Version | Tinstall | Tcheck | Ttotal | Status | Flags |
---|---|---|---|---|---|---|
r-devel-linux-x86_64-debian-clang | 1.0.0 | 11.90 | 90.16 | 102.06 | OK | |
r-devel-linux-x86_64-debian-gcc | 1.0.0 | 11.23 | 68.61 | 79.84 | OK | |
r-devel-linux-x86_64-fedora-clang | 1.0.0 | 124.90 | NOTE | |||
r-devel-linux-x86_64-fedora-gcc | 1.0.0 | 144.50 | NOTE | |||
r-devel-windows-x86_64 | 1.0.0 | 14.00 | 82.00 | 96.00 | OK | |
r-patched-linux-x86_64 | 1.0.0 | 14.35 | 86.71 | 101.06 | OK | |
r-release-linux-x86_64 | 1.0.0 | 12.35 | 88.28 | 100.63 | OK | |
r-release-macos-arm64 | 1.0.0 | 48.00 | OK | |||
r-release-macos-x86_64 | 1.0.0 | 74.00 | NOTE | |||
r-release-windows-x86_64 | 1.0.0 | 15.00 | 141.00 | 156.00 | OK | |
r-oldrel-macos-arm64 | 1.0.0 | 39.00 | NOTE | |||
r-oldrel-macos-x86_64 | 1.0.0 | 58.00 | NOTE | |||
r-oldrel-windows-x86_64 | 1.0.0 | 16.00 | 99.00 | 115.00 | OK |
Version: 1.0.0
Check: dependencies in R code
Result: NOTE
Namespaces in Imports field not imported from:
‘MASS’ ‘Matrix’
All declared Imports should be used.
Flavors: r-devel-linux-x86_64-fedora-clang, r-devel-linux-x86_64-fedora-gcc, r-oldrel-macos-arm64, r-oldrel-macos-x86_64
Version: 1.0.0
Check: installed package size
Result: NOTE
installed size is 5.1Mb
sub-directories of 1Mb or more:
data 5.0Mb
Flavor: r-release-macos-x86_64