Last updated on 2022-05-17 15:53:31 CEST.
Flavor | Version | Tinstall | Tcheck | Ttotal | Status | Flags |
---|---|---|---|---|---|---|
r-devel-linux-x86_64-debian-clang | 0.6.3 | 19.24 | 180.90 | 200.14 | NOTE | |
r-devel-linux-x86_64-debian-gcc | 0.6.3 | 14.86 | 132.80 | 147.66 | NOTE | |
r-devel-linux-x86_64-fedora-clang | 0.6.3 | 228.43 | OK | |||
r-devel-linux-x86_64-fedora-gcc | 0.6.3 | 245.73 | OK | |||
r-devel-windows-x86_64 | 0.6.3 | 110.00 | 193.00 | 303.00 | OK | |
r-patched-linux-x86_64 | 0.6.3 | 28.05 | 163.73 | 191.78 | OK | |
r-release-linux-x86_64 | 0.6.3 | 18.35 | 166.23 | 184.58 | OK | |
r-release-macos-arm64 | 0.6.3 | 60.00 | OK | |||
r-release-macos-x86_64 | 0.6.3 | 102.00 | OK | |||
r-release-windows-x86_64 | 0.6.3 | 109.00 | 193.00 | 302.00 | OK | |
r-oldrel-macos-arm64 | 0.6.3 | 54.00 | OK | |||
r-oldrel-macos-x86_64 | 0.6.3 | 82.00 | OK | |||
r-oldrel-windows-ix86+x86_64 | 0.6.3 | 45.00 | 258.00 | 303.00 | OK |
Version: 0.6.3
Check: HTML version of manual
Result: NOTE
Found the following problems:
seqsamm.Rd:118:38: Warning: <code> is probably intended as </code>
seqsamm.Rd:118:71: Warning: discarding unexpected </code>
seqsamm.Rd:118:81: Warning: discarding unexpected </code>
Flavors: r-devel-linux-x86_64-debian-clang, r-devel-linux-x86_64-debian-gcc