CRAN Package Check Results for Package TestDesign

Last updated on 2022-06-29 15:50:06 CEST.

Flavor Version Tinstall Tcheck Ttotal Status Flags
r-devel-linux-x86_64-debian-clang 1.3.3 93.77 248.49 342.26 NOTE
r-devel-linux-x86_64-debian-gcc 1.3.3 80.20 183.81 264.01 NOTE
r-devel-linux-x86_64-fedora-clang 1.3.3 477.97 NOTE
r-devel-linux-x86_64-fedora-gcc 1.3.3 461.45 NOTE
r-devel-windows-x86_64 1.3.3 238.00 316.00 554.00 NOTE
r-patched-linux-x86_64 1.3.3 87.41 242.12 329.53 NOTE
r-release-linux-x86_64 1.3.3 83.95 246.12 330.07 NOTE
r-release-macos-arm64 1.3.3 134.00 NOTE
r-release-macos-x86_64 1.3.3 159.00 NOTE
r-release-windows-x86_64 1.3.3 226.00 314.00 540.00 NOTE
r-oldrel-macos-arm64 1.3.3 121.00 NOTE
r-oldrel-macos-x86_64 1.3.3 155.00 NOTE
r-oldrel-windows-ix86+x86_64 1.3.3 249.00 535.00 784.00 NOTE

Check Details

Version: 1.3.3
Check: package dependencies
Result: NOTE
    Package suggested but not available for checking: 'gurobi'
Flavors: r-devel-linux-x86_64-debian-clang, r-devel-linux-x86_64-debian-gcc, r-devel-linux-x86_64-fedora-clang, r-devel-linux-x86_64-fedora-gcc, r-devel-windows-x86_64, r-patched-linux-x86_64, r-release-linux-x86_64, r-release-macos-arm64, r-release-macos-x86_64, r-release-windows-x86_64, r-oldrel-macos-arm64, r-oldrel-macos-x86_64, r-oldrel-windows-ix86+x86_64

Version: 1.3.3
Check: installed package size
Result: NOTE
     installed size is 6.0Mb
     sub-directories of 1Mb or more:
     libs 3.7Mb
Flavors: r-release-macos-arm64, r-release-macos-x86_64, r-oldrel-macos-arm64, r-oldrel-macos-x86_64