CRAN Package Check Results for Package TensorClustering

Last updated on 2022-05-17 15:53:30 CEST.

Flavor Version Tinstall Tcheck Ttotal Status Flags
r-devel-linux-x86_64-debian-clang 1.0.2 8.06 57.16 65.22 OK
r-devel-linux-x86_64-debian-gcc 1.0.2 6.00 42.79 48.79 OK
r-devel-linux-x86_64-fedora-clang 1.0.2 74.68 NOTE
r-devel-linux-x86_64-fedora-gcc 1.0.2 73.12 NOTE
r-devel-windows-x86_64 1.0.2 57.00 231.00 288.00 OK
r-patched-linux-x86_64 1.0.2 6.82 53.16 59.98 OK
r-release-linux-x86_64 1.0.2 6.12 53.25 59.37 OK
r-release-macos-arm64 1.0.2 26.00 NOTE
r-release-macos-x86_64 1.0.2 32.00 NOTE
r-release-windows-x86_64 1.0.2 28.00 246.00 274.00 OK
r-oldrel-macos-arm64 1.0.2 29.00 NOTE
r-oldrel-macos-x86_64 1.0.2 32.00 NOTE
r-oldrel-windows-ix86+x86_64 1.0.2 18.00 88.00 106.00 OK

Check Details

Version: 1.0.2
Check: dependencies in R code
Result: NOTE
    Namespace in Imports field not imported from: ‘Rcpp’
     All declared Imports should be used.
Flavors: r-devel-linux-x86_64-fedora-clang, r-devel-linux-x86_64-fedora-gcc, r-release-macos-arm64, r-release-macos-x86_64, r-oldrel-macos-arm64, r-oldrel-macos-x86_64