Last updated on 2022-05-19 04:51:16 CEST.
Flavor | Version | Tinstall | Tcheck | Ttotal | Status | Flags |
---|---|---|---|---|---|---|
r-devel-linux-x86_64-debian-clang | 2.0.4 | 4.90 | 215.96 | 220.86 | OK | |
r-devel-linux-x86_64-debian-gcc | 2.0.4 | 3.52 | 157.77 | 161.29 | OK | |
r-devel-linux-x86_64-fedora-clang | 2.0.4 | 246.38 | NOTE | |||
r-devel-linux-x86_64-fedora-gcc | 2.0.4 | 246.31 | NOTE | |||
r-devel-windows-x86_64 | 2.0.4 | 25.00 | 468.00 | 493.00 | OK | |
r-patched-linux-x86_64 | 2.0.4 | 3.17 | 204.70 | 207.87 | OK | |
r-release-linux-x86_64 | 2.0.4 | 2.87 | 203.68 | 206.55 | OK | |
r-release-macos-arm64 | 2.0.4 | 65.00 | NOTE | |||
r-release-macos-x86_64 | 2.0.4 | 125.00 | NOTE | |||
r-release-windows-x86_64 | 2.0.4 | 26.00 | 435.00 | 461.00 | OK | |
r-oldrel-macos-arm64 | 2.0.4 | 87.00 | NOTE | |||
r-oldrel-macos-x86_64 | 2.0.4 | 117.00 | NOTE | |||
r-oldrel-windows-ix86+x86_64 | 2.0.4 | 11.00 | 419.00 | 430.00 | OK |
Version: 2.0.4
Check: dependencies in R code
Result: NOTE
Namespace in Imports field not imported from: ‘graphics’
All declared Imports should be used.
Flavors: r-devel-linux-x86_64-fedora-clang, r-devel-linux-x86_64-fedora-gcc, r-release-macos-arm64, r-release-macos-x86_64, r-oldrel-macos-arm64, r-oldrel-macos-x86_64