CRAN Package Check Results for Package TSGSIS

Last updated on 2022-05-28 15:51:11 CEST.

Flavor Version Tinstall Tcheck Ttotal Status Flags
r-devel-linux-x86_64-debian-clang 0.1 8.76 94.60 103.36 NOTE
r-devel-linux-x86_64-debian-gcc 0.1 7.32 73.21 80.53 NOTE
r-devel-linux-x86_64-fedora-clang 0.1 122.17 NOTE
r-devel-linux-x86_64-fedora-gcc 0.1 122.39 NOTE
r-devel-windows-x86_64 0.1 10.00 104.00 114.00 NOTE
r-patched-linux-x86_64 0.1 7.61 91.27 98.88 NOTE
r-release-linux-x86_64 0.1 7.39 91.18 98.57 NOTE
r-release-macos-arm64 0.1 33.00 NOTE
r-release-macos-x86_64 0.1 53.00 NOTE
r-release-windows-x86_64 0.1 12.00 109.00 121.00 NOTE
r-oldrel-macos-arm64 0.1 40.00 NOTE
r-oldrel-macos-x86_64 0.1 63.00 NOTE
r-oldrel-windows-ix86+x86_64 0.1 18.00 106.00 124.00 NOTE

Check Details

Version: 0.1
Check: LazyData
Result: NOTE
     'LazyData' is specified without a 'data' directory
Flavors: r-devel-linux-x86_64-debian-clang, r-devel-linux-x86_64-debian-gcc, r-devel-linux-x86_64-fedora-clang, r-devel-linux-x86_64-fedora-gcc, r-devel-windows-x86_64, r-patched-linux-x86_64, r-release-linux-x86_64, r-release-macos-arm64, r-release-macos-x86_64, r-release-windows-x86_64, r-oldrel-macos-arm64, r-oldrel-macos-x86_64, r-oldrel-windows-ix86+x86_64