Last updated on 2022-05-21 15:50:09 CEST.
Flavor | Version | Tinstall | Tcheck | Ttotal | Status | Flags |
---|---|---|---|---|---|---|
r-devel-linux-x86_64-debian-clang | 0.9.22 | 14.18 | 125.31 | 139.49 | OK | |
r-devel-linux-x86_64-debian-gcc | 0.9.22 | 10.14 | 95.52 | 105.66 | OK | |
r-devel-linux-x86_64-fedora-clang | 0.9.22 | 164.34 | NOTE | |||
r-devel-linux-x86_64-fedora-gcc | 0.9.22 | 159.77 | NOTE | |||
r-devel-windows-x86_64 | 0.9.22 | 35.00 | 180.00 | 215.00 | OK | |
r-patched-linux-x86_64 | 0.9.22 | 12.54 | 116.69 | 129.23 | OK | |
r-release-linux-x86_64 | 0.9.22 | 10.84 | 119.62 | 130.46 | OK | |
r-release-macos-arm64 | 0.9.22 | 49.00 | NOTE | |||
r-release-macos-x86_64 | 0.9.22 | 80.00 | NOTE | |||
r-release-windows-x86_64 | 0.9.22 | 37.00 | 173.00 | 210.00 | OK | |
r-oldrel-macos-arm64 | 0.9.22 | 57.00 | NOTE | |||
r-oldrel-macos-x86_64 | 0.9.22 | 96.00 | NOTE | |||
r-oldrel-windows-ix86+x86_64 | 0.9.22 | 32.00 | 142.00 | 174.00 | OK |
Version: 0.9.22
Check: data for non-ASCII characters
Result: NOTE
Note: found 153 marked Latin-1 strings
Note: found 108 marked UTF-8 strings
Flavors: r-devel-linux-x86_64-fedora-clang, r-devel-linux-x86_64-fedora-gcc, r-release-macos-arm64, r-release-macos-x86_64, r-oldrel-macos-arm64, r-oldrel-macos-x86_64