Last updated on 2025-01-24 15:51:02 CET.
Flavor | Version | Tinstall | Tcheck | Ttotal | Status | Flags |
---|---|---|---|---|---|---|
r-devel-linux-x86_64-debian-clang | 0.1.0 | 10.52 | 16.51 | 27.03 | OK | |
r-devel-linux-x86_64-debian-gcc | 0.1.0 | 6.97 | 13.72 | 20.69 | OK | |
r-devel-linux-x86_64-fedora-clang | 0.1.0 | 44.97 | OK | |||
r-devel-linux-x86_64-fedora-gcc | 0.1.0 | 43.48 | OK | |||
r-devel-windows-x86_64 | 0.1.0 | 10.00 | 38.00 | 48.00 | OK | |
r-patched-linux-x86_64 | 0.1.0 | 10.55 | 15.98 | 26.53 | OK | |
r-release-linux-x86_64 | 0.1.0 | 9.92 | 15.69 | 25.61 | OK | |
r-release-macos-arm64 | 0.1.0 | 22.00 | NOTE | |||
r-release-macos-x86_64 | 0.1.0 | 28.00 | NOTE | |||
r-release-windows-x86_64 | 0.1.0 | 11.00 | 39.00 | 50.00 | NOTE | |
r-oldrel-macos-arm64 | 0.1.0 | 26.00 | NOTE | |||
r-oldrel-macos-x86_64 | 0.1.0 | 53.00 | NOTE | |||
r-oldrel-windows-x86_64 | 0.1.0 | 10.00 | 38.00 | 48.00 | NOTE |
Version: 0.1.0
Check: installed package size
Result: NOTE
installed size is 13.0Mb
sub-directories of 1Mb or more:
data 13.0Mb
Flavors: r-release-macos-arm64, r-release-macos-x86_64, r-release-windows-x86_64, r-oldrel-macos-arm64, r-oldrel-macos-x86_64, r-oldrel-windows-x86_64