CRAN Package Check Results for Package TITAN2

Last updated on 2022-05-21 15:50:08 CEST.

Flavor Version Tinstall Tcheck Ttotal Status Flags
r-devel-linux-x86_64-debian-clang 2.4.1 11.08 135.98 147.06 OK
r-devel-linux-x86_64-debian-gcc 2.4.1 7.74 100.10 107.84 OK
r-devel-linux-x86_64-fedora-clang 2.4.1 168.52 NOTE
r-devel-linux-x86_64-fedora-gcc 2.4.1 163.90 NOTE
r-devel-windows-x86_64 2.4.1 21.00 169.00 190.00 OK
r-patched-linux-x86_64 2.4.1 14.02 127.79 141.81 OK
r-release-linux-x86_64 2.4.1 8.17 126.09 134.26 OK
r-release-macos-arm64 2.4.1 52.00 NOTE
r-release-macos-x86_64 2.4.1 105.00 NOTE
r-release-windows-x86_64 2.4.1 22.00 177.00 199.00 OK
r-oldrel-macos-arm64 2.4.1 48.00 NOTE
r-oldrel-macos-x86_64 2.4.1 102.00 NOTE
r-oldrel-windows-ix86+x86_64 2.4.1 22.00 142.00 164.00 OK

Check Details

Version: 2.4.1
Check: dependencies in R code
Result: NOTE
    Namespace in Imports field not imported from: ‘snow’
     All declared Imports should be used.
Flavors: r-devel-linux-x86_64-fedora-clang, r-devel-linux-x86_64-fedora-gcc, r-release-macos-arm64, r-release-macos-x86_64, r-oldrel-macos-arm64, r-oldrel-macos-x86_64