CRAN Package Check Results for Package TH.data

Last updated on 2022-05-23 15:53:49 CEST.

Flavor Version Tinstall Tcheck Ttotal Status Flags
r-devel-linux-x86_64-debian-clang 1.1-1 5.82 115.14 120.96 OK
r-devel-linux-x86_64-debian-gcc 1.1-1 4.60 86.08 90.68 OK
r-devel-linux-x86_64-fedora-clang 1.1-1 149.45 NOTE
r-devel-linux-x86_64-fedora-gcc 1.1-1 140.07 OK
r-devel-windows-x86_64 1.1-1 36.00 644.00 680.00 NOTE
r-patched-linux-x86_64 1.1-1 7.11 106.92 114.03 OK
r-release-linux-x86_64 1.1-1 OK
r-release-macos-arm64 1.1-1 46.00 NOTE
r-release-macos-x86_64 1.1-1 76.00 NOTE
r-release-windows-x86_64 1.1-1 41.00 489.00 530.00 NOTE
r-oldrel-macos-arm64 1.1-1 62.00 NOTE
r-oldrel-macos-x86_64 1.1-1 78.00 NOTE
r-oldrel-windows-ix86+x86_64 1.1-1 14.00 553.00 567.00 NOTE

Check Details

Version: 1.1-1
Check: installed package size
Result: NOTE
     installed size is 8.9Mb
     sub-directories of 1Mb or more:
     data 1.2Mb
     rda 7.1Mb
Flavors: r-devel-linux-x86_64-fedora-clang, r-devel-windows-x86_64, r-release-macos-arm64, r-release-macos-x86_64, r-release-windows-x86_64, r-oldrel-macos-arm64, r-oldrel-macos-x86_64, r-oldrel-windows-ix86+x86_64