Last updated on 2025-01-25 15:49:26 CET.
Flavor | Version | Tinstall | Tcheck | Ttotal | Status | Flags |
---|---|---|---|---|---|---|
r-devel-linux-x86_64-debian-clang | 3.0.4 | 62.60 | 142.53 | 205.13 | OK | |
r-devel-linux-x86_64-debian-gcc | 3.0.4 | 41.42 | 104.57 | 145.99 | OK | |
r-devel-linux-x86_64-fedora-clang | 3.0.4 | 388.58 | OK | |||
r-devel-linux-x86_64-fedora-gcc | 3.0.4 | 371.76 | OK | |||
r-devel-windows-x86_64 | 3.0.4 | 72.00 | 549.00 | 621.00 | OK | |
r-patched-linux-x86_64 | 3.0.4 | 59.17 | 135.15 | 194.32 | NOTE | |
r-release-linux-x86_64 | 3.0.4 | 60.51 | 135.95 | 196.46 | NOTE | |
r-release-macos-arm64 | 3.0.4 | 230.00 | NOTE | |||
r-release-macos-x86_64 | 3.0.4 | 337.00 | NOTE | |||
r-release-windows-x86_64 | 3.0.4 | 71.00 | 380.00 | 451.00 | NOTE | |
r-oldrel-macos-arm64 | 3.0.4 | 231.00 | NOTE | |||
r-oldrel-macos-x86_64 | 3.0.4 | 334.00 | NOTE | |||
r-oldrel-windows-x86_64 | 3.0.4 | 84.00 | 642.00 | 726.00 | NOTE |
Version: 3.0.4
Check: package dependencies
Result: NOTE
Package suggested but not available for checking: ‘TDA’
Flavors: r-patched-linux-x86_64, r-release-linux-x86_64
Version: 3.0.4
Check: installed package size
Result: NOTE
installed size is 10.5Mb
sub-directories of 1Mb or more:
doc 8.2Mb
libs 1.8Mb
Flavors: r-release-macos-arm64, r-release-macos-x86_64, r-release-windows-x86_64, r-oldrel-macos-arm64, r-oldrel-macos-x86_64, r-oldrel-windows-x86_64