Last updated on 2022-05-19 15:53:32 CEST.
Flavor | Version | Tinstall | Tcheck | Ttotal | Status | Flags |
---|---|---|---|---|---|---|
r-devel-linux-x86_64-debian-clang | 1.0.2 | 49.99 | 137.16 | 187.15 | NOTE | |
r-devel-linux-x86_64-debian-gcc | 1.0.2 | 41.74 | 106.85 | 148.59 | NOTE | |
r-devel-linux-x86_64-fedora-clang | 1.0.2 | 239.49 | NOTE | |||
r-devel-linux-x86_64-fedora-gcc | 1.0.2 | 230.88 | NOTE | |||
r-devel-windows-x86_64 | 1.0.2 | 43.00 | 184.00 | 227.00 | NOTE | |
r-patched-linux-x86_64 | 1.0.2 | 40.50 | 136.32 | 176.82 | NOTE | |
r-release-linux-x86_64 | 1.0.2 | 34.78 | 135.51 | 170.29 | NOTE | |
r-release-macos-arm64 | 1.0.2 | 73.00 | NOTE | |||
r-release-macos-x86_64 | 1.0.2 | 123.00 | NOTE | |||
r-release-windows-x86_64 | 1.0.2 | 48.00 | 188.00 | 236.00 | NOTE | |
r-oldrel-macos-arm64 | 1.0.2 | 80.00 | NOTE | |||
r-oldrel-macos-x86_64 | 1.0.2 | 127.00 | NOTE | |||
r-oldrel-windows-ix86+x86_64 | 1.0.2 | 114.00 | 363.00 | 477.00 | NOTE |
Version: 1.0.2
Check: LazyData
Result: NOTE
'LazyData' is specified without a 'data' directory
Flavors: r-devel-linux-x86_64-debian-clang, r-devel-linux-x86_64-debian-gcc, r-devel-linux-x86_64-fedora-clang, r-devel-linux-x86_64-fedora-gcc, r-devel-windows-x86_64, r-patched-linux-x86_64, r-release-linux-x86_64, r-release-macos-arm64, r-release-macos-x86_64, r-release-windows-x86_64, r-oldrel-macos-arm64, r-oldrel-macos-x86_64, r-oldrel-windows-ix86+x86_64
Version: 1.0.2
Check: installed package size
Result: NOTE
installed size is 5.0Mb
sub-directories of 1Mb or more:
libs 4.9Mb
Flavors: r-release-macos-arm64, r-release-macos-x86_64, r-oldrel-macos-arm64, r-oldrel-macos-x86_64