CRAN Package Check Results for Package SynthTools

Last updated on 2022-05-28 03:54:57 CEST.

Flavor Version Tinstall Tcheck Ttotal Status Flags
r-devel-linux-x86_64-debian-clang 1.0.1 2.85 43.45 46.30 OK
r-devel-linux-x86_64-debian-gcc 1.0.1 2.36 33.81 36.17 OK
r-devel-linux-x86_64-fedora-clang 1.0.1 55.59 NOTE
r-devel-linux-x86_64-fedora-gcc 1.0.1 54.70 NOTE
r-devel-windows-x86_64 1.0.1 20.00 69.00 89.00 OK
r-patched-linux-x86_64 1.0.1 3.42 41.93 45.35 OK
r-release-linux-x86_64 1.0.1 2.84 42.38 45.22 OK
r-release-macos-arm64 1.0.1 21.00 NOTE
r-release-macos-x86_64 1.0.1 38.00 NOTE
r-release-windows-x86_64 1.0.1 29.00 66.00 95.00 OK
r-oldrel-macos-arm64 1.0.1 27.00 NOTE
r-oldrel-macos-x86_64 1.0.1 36.00 NOTE
r-oldrel-windows-ix86+x86_64 1.0.1 7.00 58.00 65.00 OK

Check Details

Version: 1.0.1
Check: dependencies in R code
Result: NOTE
    Namespace in Imports field not imported from: ‘utils’
     All declared Imports should be used.
Flavors: r-devel-linux-x86_64-fedora-clang, r-devel-linux-x86_64-fedora-gcc, r-release-macos-arm64, r-release-macos-x86_64, r-oldrel-macos-arm64, r-oldrel-macos-x86_64