CRAN Package Check Results for Package SynDI

Last updated on 2024-05-24 15:55:07 CEST.

Flavor Version Tinstall Tcheck Ttotal Status Flags
r-devel-linux-x86_64-debian-clang 0.1.0 5.20 169.81 175.01 NOTE
r-devel-linux-x86_64-debian-gcc 0.1.0 4.39 132.85 137.24 NOTE
r-devel-linux-x86_64-fedora-clang 0.1.0 232.37 NOTE
r-devel-linux-x86_64-fedora-gcc 0.1.0 230.99 NOTE
r-devel-windows-x86_64 0.1.0 5.00 172.00 177.00 NOTE
r-patched-linux-x86_64 0.1.0 5.79 164.96 170.75 NOTE
r-release-linux-x86_64 0.1.0 4.73 164.19 168.92 NOTE
r-release-macos-arm64 0.1.0 86.00 NOTE
r-release-windows-x86_64 0.1.0 7.00 170.00 177.00 NOTE
r-oldrel-macos-arm64 0.1.0 92.00 OK
r-oldrel-macos-x86_64 0.1.0 143.00 OK
r-oldrel-windows-x86_64 0.1.0 8.00 211.00 219.00 OK

Check Details

Version: 0.1.0
Check: Rd files
Result: NOTE checkRd: (-1) create_synthetic_example.Rd:10: Lost braces in \itemize; meant \describe ? checkRd: (-1) create_synthetic_example.Rd:11: Lost braces in \itemize; meant \describe ? checkRd: (-1) create_synthetic_example.Rd:12: Lost braces in \itemize; meant \describe ? checkRd: (-1) initial_estimates_example.Rd:10: Lost braces in \itemize; meant \describe ? checkRd: (-1) initial_estimates_example.Rd:11: Lost braces in \itemize; meant \describe ? checkRd: (-1) initial_estimates_example.Rd:12: Lost braces in \itemize; meant \describe ? Flavors: r-devel-linux-x86_64-debian-clang, r-devel-linux-x86_64-debian-gcc, r-devel-linux-x86_64-fedora-clang, r-devel-linux-x86_64-fedora-gcc, r-devel-windows-x86_64, r-patched-linux-x86_64, r-release-linux-x86_64, r-release-macos-arm64, r-release-windows-x86_64

Version: 0.1.0
Check: dependencies in R code
Result: NOTE Namespaces in Imports field not imported from: ‘MASS’ ‘StackImpute’ ‘arm’ ‘boot’ ‘broom’ ‘knitr’ ‘mvtnorm’ ‘randomForest’ All declared Imports should be used. Flavors: r-devel-linux-x86_64-fedora-clang, r-devel-linux-x86_64-fedora-gcc