CRAN Package Check Results for Package SuperLearner

Last updated on 2022-01-21 16:51:09 CET.

Flavor Version Tinstall Tcheck Ttotal Status Flags
r-devel-linux-x86_64-debian-clang 2.0-28 6.66 413.89 420.55 NOTE
r-devel-linux-x86_64-debian-gcc 2.0-28 4.84 295.85 300.69 NOTE
r-devel-linux-x86_64-fedora-clang 2.0-28 440.19 NOTE
r-devel-linux-x86_64-fedora-gcc 2.0-28 420.83 NOTE
r-devel-windows-x86_64-new-UL 2.0-28 172.00 439.00 611.00 OK
r-devel-windows-x86_64-new-TK 2.0-28 NOTE
r-patched-linux-x86_64 2.0-28 8.56 384.59 393.15 NOTE
r-release-linux-x86_64 2.0-28 4.59 386.42 391.01 NOTE
r-release-macos-arm64 2.0-28 OK
r-release-macos-x86_64 2.0-28 OK
r-release-windows-ix86+x86_64 2.0-28 13.00 450.00 463.00 OK
r-oldrel-macos-x86_64 2.0-28 OK
r-oldrel-windows-ix86+x86_64 2.0-28 12.00 453.00 465.00 OK

Check Details

Version: 2.0-28
Check: package dependencies
Result: NOTE
    Package suggested but not available for checking: 'biglasso'
Flavors: r-devel-linux-x86_64-debian-clang, r-devel-linux-x86_64-debian-gcc, r-devel-linux-x86_64-fedora-clang, r-devel-linux-x86_64-fedora-gcc, r-devel-windows-x86_64-new-TK, r-patched-linux-x86_64, r-release-linux-x86_64

Version: 2.0-28
Check: Rd cross-references
Result: NOTE
    Package unavailable to check Rd xrefs: 'biglasso'
Flavor: r-devel-windows-x86_64-new-TK